se
Suppose 0*s + s = 69. Let t = 105 - s. Let k = 197 - t. Is k prime?
False
Let d(l) = -4 - 4*l + 3 + 0*l. Let i be d(1). Let z = i + 72. Is z a prime number?
True
Let n be ((-82)/4)/(9/18). Let b = n - -76. Is b composite?
True
Suppose 2765 = 21*u - 16*u. Is u a prime number?
False
Let h(q) = -299*q - 30. Is h(-7) a prime number?
True
Let w be 2 - (-6 + 3 + -2 + 2). Suppose -w*r + 346 = -459. Is r prime?
False
Let n(l) = -l**2 + 11*l - 5. Let y be n(10). Suppose 3*k - y*k + 2098 = 0. Is k composite?
False
Suppose 0 = 7*j - 4*j - 6. Is (27/(-27))/(j/(-2758)) a prime number?
False
Is ((-143)/88)/(-13) - (-64622)/16 composite?
True
Is (-8)/(-26) - (-17048948)/2132 prime?
False
Is ((-30)/(-20))/(5/568580*6) a prime number?
True
Suppose 0 = 117*q - 122*q + 31035. Is q composite?
True
Let i(p) = p**3 - 29*p**2 - 87*p + 117. Is i(34) composite?
False
Suppose 2764 = 5*d + 5*q - 5976, d = 3*q + 1744. Is d composite?
False
Is 49/(-14)*(-1 - -3) + 65294 prime?
True
Let g be (-4 - 0) + (8 - 2). Is (9/27)/(g/11082) a composite number?
False
Let w be -1*(7 + (-2 - 2)). Let h be 2/w*(4 + -7). Suppose -2*p - 4*d + 918 = 0, 3*d + 1412 = 3*p + h*d. Is p prime?
False
Let a(w) be the second derivative of -41*w**3/6 + 4*w**2 + 16*w. Is a(-7) a composite number?
True
Let k(i) = -i**3 + 14*i**2 + i - 37. Is k(13) a prime number?
False
Let o(u) = -33*u**3 - 27*u**2 - 3*u + 1. Is o(-4) a prime number?
True
Let g = 9047 - 3920. Is g prime?
False
Suppose 50*w - 45428 = -4878. Is w a composite number?
False
Suppose h + 0 = 1. Suppose -q + h = -1. Suppose 5*f + 2*s = 383, -q*f + 159 = -4*s - s. Is f prime?
False
Let o be 1/5 + 1876/70. Let x = 264 + o. Suppose -1467 = -6*r + x. Is r a composite number?
False
Let t be ((-1)/(-4))/((-6)/24). Let s(l) = 9*l**2 + l + 156*l**2 + 3*l**2. Is s(t) prime?
True
Is (-1)/((9/18)/((-17846)/4)) composite?
False
Let b be (0 - 1)/((-1)/5). Suppose -6*l + 26 - 2 = 0. Suppose b*f = 2*j - 128, 2*f + 0 = -l. Is j prime?
True
Let b be 5*(1 + 0 + 0). Let o(t) = 4*t - 17. Let c(a) = a - 4. Let n(h) = 9*c(h) - 2*o(h). Is n(b) a prime number?
True
Let g(q) = 21*q**2 + 12*q + 11. Suppose 4*f = 7*f + 24. Is g(f) composite?
False
Suppose -t + 1191 = -f, t + 2*f = -2*f + 1201. Is t composite?
False
Let r(d) = -3*d - 2. Let f be r(-1). Suppose 0 = o - 5 + f. Is ((-53)/o)/(7/(-28)) composite?
False
Let r(n) = -n**3 + 5*n**2 - 4*n - 1. Suppose 15 = 4*h + h. Let u be r(h). Suppose 5*k + 4*i - 361 = 2*k, -u*k = 4*i - 615. Is k prime?
True
Suppose -5*g = 5*n - 195, 0 = 3*n - g - 50 - 51. Is (-4175)/5*n/(-25) composite?
True
Let y(s) = -2*s**3 - 22*s**2 - 2*s + 2. Is y(-16) composite?
True
Let b be (-22)/4*5*130/25. Is (-38445)/b - (-4)/26 composite?
False
Suppose o + 197 + 399 = 0. Let c = 697 - o. Is c a composite number?
True
Suppose 2*a = 7*a - 1150. Let q = a + -112. Suppose -3*l + s + 133 = -q, -2*s = -2*l + 170. Is l prime?
True
Let q be 1360/8*1/2. Suppose 80*k = q*k - 1175. Is k composite?
True
Suppose -5*y = 3*z - 3 + 12, -4*z + y + 11 = 0. Suppose z*p = 62 + 16. Is p a composite number?
True
Let c = 5 - 0. Suppose -2 + 12 = c*j. Is 11/22 - (-109)/j a prime number?
False
Let l(k) = 3*k + 2075. Let p be l(0). Is p/35 + (-4)/14 a prime number?
True
Let s be (-2 - (-3)/3) + -3. Is s - ((-158 - -4) + 4) a composite number?
True
Let v be (-1)/((-1)/3) + 515. Let x = 1039 - v. Is x a prime number?
True
Suppose -2*k + 2*h = -194 - 182, -2*h = k - 182. Let t = 715 - k. Is t composite?
True
Let a be (-2)/(-8)*7*4. Suppose 3*j + 664 = o, 0 = 4*o - a*o - 5*j + 1922. Is o a composite number?
True
Let w = 31 + -31. Is (-1)/(3/(-627) + w) composite?
True
Let f(r) = r**3 - 3*r**2 + 2*r. Let a be f(2). Suppose -3*x - 2*j + 1437 = 3*j, -j = a. Is x prime?
True
Let t = 6 + 4. Let r(j) = j**3 - 8*j**2 - 10*j + 9. Is r(t) a prime number?
True
Let o(v) = 33*v**2 + 11*v + 3. Is o(8) a prime number?
True
Let g be (-35)/(-11) + 6/(-33). Suppose g*l - 7*l = -3932. Suppose 176 = -3*m + l. Is m a prime number?
True
Suppose 538*p - 519*p = 80731. Is p prime?
False
Let f = -8 - -22. Suppose 7604 = f*c + 30. Is c a composite number?
False
Let j = 44 + 243. Suppose j = y - 566. Suppose -134 - y = -3*x. Is x composite?
True
Let a = 229 - 226. Suppose 2*l - s - 449 = 4*s, 3*s - 937 = -4*l. Suppose -a*j - j = -l. Is j a prime number?
False
Suppose 7*a - 1200 = 10777. Is a prime?
False
Suppose -2*g = 4*m + 1370, -6*g = -4*m - 4*g - 1366. Let j = -223 - m. Is j prime?
False
Let w(q) = 2*q**3 - 10*q**2 + 10*q + 2. Let z be w(7). Suppose -3*g = -77 - z. Is g a prime number?
False
Let q = -958 - -1593. Is -4*q/(-10)*1 composite?
True
Let f(p) = 5*p - 2. Let h be f(4). Let s be (-4)/(-18) + 8726/h. Suppose 0 = -5*j - 0*j + s. Is j composite?
False
Suppose 3*l - 38385 = -3*w, w - 11374 - 1397 = 5*l. Is w a composite number?
False
Let u = 16093 + -9914. Is u prime?
False
Suppose 6*d = 2*d - 56. Let u = -14 - d. Suppose -4*i = -0*t - 2*t - 62, u = -i - 2*t + 3. Is i prime?
True
Let z(u) = 329*u - 711. Is z(28) a composite number?
False
Let d = -8168 + 18277. Is d prime?
False
Suppose 2*z = -3*z + 20. Suppose -y - 2*q + 7 = 0, 0 = -5*q + z + 1. Suppose -2*a - 658 = -4*x, x + a = y*a + 154. Is x prime?
False
Let q(g) = 22*g**2 + 3*g - 6. Let r be q(-4). Let i = r + -41. Is i a prime number?
True
Let t(o) = 44*o**2 + 2*o + 7. Is t(-3) a composite number?
False
Suppose -3*y = g - 85339, g + 57191 = 3*y - 28152. Is y composite?
False
Let q(r) = -8 + 7 - 269*r + 19 + 18 + 268*r. Suppose -4*t + 3*j + 75 = 0, -j - 50 = -2*t + 3*j. Is q(t) composite?
True
Let b(l) = 71*l + 4. Is b(18) prime?
False
Let r(g) = -23*g**2 + 3*g + 37. Let c(k) = -69*k**2 + 7*k + 111. Let l(w) = -6*c(w) + 17*r(w). Is l(-11) a composite number?
False
Let c(n) = 16*n + 34. Let h be c(-9). Let l = h - -1101. Is l a composite number?
False
Let a = 7825 - 3047. Suppose 2*k - 5*k + 3583 = -d, 4*k - d = a. Is k a prime number?
False
Suppose 39*l = 12*l + 1121985. Is l a composite number?
True
Let i(f) = -3*f**2 - 4*f**2 + 9*f**2 - 11*f + 13 + 7*f**2. Is i(6) composite?
False
Let f = -78 + 125. Suppose -2496 = -4*x - 4*h, -4*h + 686 = x + f. Is x prime?
True
Let w = 32 + 92. Suppose -r + 5*r = w. Is r a prime number?
True
Suppose -3*n = -n - 2. Let m be (-55)/2*(n - 11). Suppose -r = -6*r + m. Is r composite?
True
Suppose 6*c - 4*c + 8 = 0. Is ((-287)/(-3) - (-6 - c))*3 a composite number?
False
Let n(t) = -t**3 + 14*t**2 + 14*t + 16. Let b be n(15). Is (3836/(-4))/(-2 + (b - 0)) prime?
False
Suppose r - 15420 = -5*p, -19*r + 21*r - 30780 = 2*p. Is r prime?
False
Suppose 2*j + 17658 = 5*k + 2429, 9153 = 3*k + 4*j. Is k a prime number?
False
Suppose 0 = 5*r - 45 - 15. Suppose 3*f + r = 0, 75 = 3*p + 5*f - 103. Let o = p - -17. Is o composite?
False
Suppose 4*m - 2382 = -2*s + 934, 3*s - m = 5009. Suppose 0 = -3*n + 369 + s. Is n prime?
False
Suppose 3518 = -77*l + 79*l. Is l a composite number?
False
Let t(g) = -5*g**3 - 12*g**2 - 9*g - 3. Is t(-8) a composite number?
False
Let w = -532 - -1186. Suppose 162 + 166 = 2*q + v, 4*q - w = -v. Is q a prime number?
True
Suppose 0 = 29*d - 39*d + 353630. Is d prime?
True
Let j = -16 + 20. Suppose 159 = 5*m - j*m. Suppose 0 = -p - 0*p + m. Is p a prime number?
False
Suppose 0 = -6*z + 24 + 78. Suppose 452 = z*k - 13*k. Is k a composite number?
False
Suppose -19 - 1 = 4*v. Let j be (-13)/(2 - v/(-2)). Let u = -3 + j. Is u prime?
True
Let v(c) = 14*c**2 + 18*c - 69. Is v(10) a prime number?
True
Let q = -4944 + 10915. Is q a prime number?
False
Let f(t) = -3*t - 7 - t**2 - 2*t**2 + 0*t**2 + 4*t**2. Suppose -p + 15 = 2*i + 4*p, 2*p - 25 = 3*i. Is f(i) a prime number?
False
Suppose -5*v + 3*a = 4*a + 557, 5*v = -5*a - 565. Let b = 542 - v. Is b a prime number?
True
Let u(p) = -p**3 + 6*p**2 + 8*p - 2. Let g be (0/(-2))/(-2 + 4). Suppose g = -10*d + 8*d + 12. Is u(d) a prime number?
False
Let m(f) = -f**3 - f**2. Let t(x) = 5*x**3 + 19*x**2 + 15*x + 26. Let p(l) = -6*m(l) - t(l). Is p(15) prime?
True
Let u(c) = 778*c**2 + 4*c + 11. Is u(6) composite?
True
Suppose 0 = 90*p - 36*p - 181062. Is p a composite number?
True
Let k = -4938 + 10322. Suppose 2648 = 3*q - o - 1380, 2*o = -4*q + k. Suppose 5*g - q - 419 = -3*t, -2*t = -3*g + 1073. Is g a prime number?
False
Let n(d) = -51*d**3 + 2*d